- 10. What is the hundreds digit of u(-9)?
3
Suppose -3*m - m = 0. Suppose 2*t + 3*t - 60 = m. What is the units digit of 4*-2*(-3)/t?
2
Suppose -2*m + m + 10 = 5*f, m - 3*f = -6. Suppose 4*t - 32 + 8 = m. Suppose r - 3 = t. What is the units digit of r?
9
Suppose -33 = -8*p + 23. Suppose -f = -p - 7. What is the tens digit of f?
1
Let u = 1 - -15. Suppose 0 = -g + 2*g - u. What is the tens digit of g?
1
Suppose 0 = -4*y + 3*m + 31, -2*y - 2*y = -4*m - 28. What is the units digit of ((-6)/(-4))/(3/y)?
5
Suppose 0 = 6*s - 36 - 6. What is the units digit of s?
7
Suppose -2*b + 180 = -5*v, 0 = 6*b - 5*b + 5*v - 105. What is the tens digit of b?
9
What is the tens digit of (12/18)/(2/84)?
2
Suppose -3*q - 4*t + 177 = 0, -5*t = 5*q - 2*t - 284. What is the units digit of q?
5
Let w be 6/(-3 + 0)*1. What is the tens digit of (-8)/(-10)*(-55)/w?
2
Suppose 0 = 9*c - 4*c + 60. Let z = 17 + c. What is the units digit of z?
5
Let r(y) = -y - 6. Let f(k) = -3*k + 8. Let v be f(6). Let x be r(v). Suppose x*a - 20 = 4*j, -5*a = -3*j - 10 - 17. What is the units digit of a?
6
Suppose 3*c + 203 = 4*v, v - 11 - 44 = 5*c. What is the units digit of v?
0
Suppose -8*l + 2*l = -540. What is the tens digit of l?
9
Let t be -1 - 4*(1 + 1). Let y = t - -14. What is the units digit of y?
5
Suppose 0*h - 4 = -2*h. Let z = h - -2. What is the units digit of z?
4
Let o(b) = 4*b**3 + 7*b**2 - b - 8. Let r(p) = -3*p**3 - 6*p**2 + 2*p + 7. Let t(f) = 2*o(f) + 3*r(f). What is the units digit of t(-5)?
0
Let n = 132 + -75. What is the units digit of n?
7
Suppose 0 - 3 = -s. Suppose -s*k = -3*b + 15, 0*k + 3*k = b + 1. What is the units digit of b?
8
Let j(q) = 20*q**2 - 8*q - 15. What is the units digit of j(-3)?
9
Let y = -7 - -12. Suppose v = 4*q - 20, 4*q = 3*q + 4*v + y. What is the units digit of q?
5
Let b be (5/2)/(1/2). Suppose -3*x + 5 = -2*h, -b = -5*x + 4*h + 4. What is the units digit of x?
1
Let u be -1*(0/(-1) + -3). Let v be (-4)/(-10) - 396/(-60). Let k = v - u. What is the units digit of k?
4
Suppose -8*y + 4 = -4*y. Let p = y - -16. What is the units digit of p?
7
Let l be 7/2 + 1/2. Suppose 0 = -t + l*t + 4*b - 14, 5*b - 10 = -3*t. What is the tens digit of t?
1
Let j = -16 + 15. What is the units digit of 120/18 + j/(-3)?
7
Let v(q) = q**2 - 3*q - 7. Let d be v(5). Suppose 3 = -3*f - 6, 0 = d*b + 5*f - 6. What is the units digit of b?
7
Suppose -62 = -b - 4*t, 3*b + t + 0*t = 197. Suppose 0 = -5*d + b + 4. What is the units digit of d?
4
Let m be 10/25 - 176/(-10). Let s = m + -10. What is the units digit of s?
8
Let k be (-2)/10 + (-22)/(-10). Let o = k - -11. What is the tens digit of o?
1
Let t = 40 - -83. What is the units digit of t?
3
Let d = 5 - 1. Suppose d*f + 5*g - 36 = 2*f, -3*f - 3*g + 36 = 0. What is the units digit of f?
8
Suppose -4*d - 7 = 5*j, -2*j = 3*d - 5*d + 10. Let w(y) = -2*y. Let h be w(j). Suppose f = -f + h. What is the units digit of f?
3
Let z be (-75)/(-20) - (-1)/4. Suppose 2*a + 44 = 2*l, 31 = -z*l + a + 128. What is the units digit of l?
5
Let w = -6 + 39. What is the units digit of w?
3
Let r = -7 + 11. Suppose 6 = 3*z - 5*x, -r*z = z + 3*x - 44. What is the units digit of z?
7
Suppose c + 0*c = -j + 25, -4 = 2*c. What is the units digit of j?
7
What is the units digit of (9 + -10)*1*-23?
3
Let w(i) = 2*i + 33. What is the units digit of w(-12)?
9
Let o be (-2)/4 + (-3)/(-6). Suppose 3*g + 2*v - 13 = -o, 1 = -v. Suppose 2*b = 7*b + 4*x + 7, 2*b - g = x. What is the units digit of b?
1
Let i(c) = 19*c**3 - c**2 + 1. Suppose -4 = -2*f - 2*f. What is the units digit of i(f)?
9
Suppose 0 = 4*o + 2*o - 282. What is the tens digit of o?
4
Let a be ((-4)/10)/(8/40). Let u(c) = -5*c**2 - 3*c + 6. Let x(t) = 4*t**2 + 2*t - 5. Let v(q) = 3*u(q) + 4*x(q). What is the units digit of v(a)?
4
Let z be (-2)/((-38)/(-42) + -1). Let j = 10 + z. What is the tens digit of j?
3
Let c = -255 - -370. What is the hundreds digit of c?
1
Let q(k) = 41*k + 16. What is the tens digit of q(7)?
0
Let f = 2 - 3. Let o be 2 - (1 - 34)/f. Let b = o - -44. What is the tens digit of b?
1
Suppose 3*b - 17 = -y, 5*y + 3*b + 28 - 149 = 0. What is the units digit of y?
6
Let g be 90/12*(-4)/(-6). Suppose 4 + 1 = g*u. What is the units digit of u?
1
Let i = 70 + -50. Let f(a) = -a**3 - 4*a**2 + 5. Let p be f(-4). Suppose -2*x - 2*g = -i, -2*x - 14 = -x - p*g. What is the units digit of x?
6
Let o be 21/6 - (-9)/(-6). Suppose 3*x - 2 = 5*x. Let u = o + x. What is the units digit of u?
1
Let a(c) = -12*c**3 + c**2 - c - 6. What is the units digit of a(-2)?
6
Suppose -8*k + 10 - 10 = 0. Let a(q) = q**3 + 0*q**3 + 6 + q + 3*q**2 - 4*q**2. What is the units digit of a(k)?
6
Suppose 5*p = 24 + 86. What is the units digit of p?
2
Let x(f) = -f**2 + 8*f - 1. What is the tens digit of x(6)?
1
Let c be -2 - (-25 - (-4)/(-1)). Suppose l - c = 25. What is the units digit of l?
2
Suppose q - 27 = -4*q + 3*y, q - 8 = -2*y. Suppose 0 = -h - 2*h + q. What is the units digit of h?
2
Suppose 5*f - 1989 = 3*x, -2*x - 913 = 5*f - 2887. What is the hundreds digit of f?
3
Let m = -430 + 741. What is the tens digit of m?
1
Let s be (-1)/(1 - 2) + -5. Let l be (6/s)/((-6)/8). Suppose 0 = -4*z + 5*i - 3 - l, 2*z + 3*i = 25. What is the units digit of z?
5
Let f = -10 + 31. What is the tens digit of f?
2
Let t(s) = 2*s + 14. Let l be t(-7). Suppose -u + 141 = 4*h, 4*h + 0*u + 2*u - 142 = l. What is the units digit of h?
5
Let t(y) = 4*y - 1. Let i be t(1). Suppose -1 = -4*n + i. Suppose -11 = -v + n. What is the units digit of v?
2
Let p = -126 + 210. What is the units digit of p?
4
Suppose -3*g - 3*h = -201, g + 4*h + 13 - 77 = 0. What is the units digit of 1/(-2) - g/(-8)?
8
Let q = 76 + -42. What is the units digit of q?
4
Suppose 5*i + 4*v = v - 47, 40 = -4*i - 3*v. Let h(o) = o**2 + 6*o + 4. What is the tens digit of h(i)?
1
Let m = -31 - -60. What is the units digit of m?
9
Suppose -2*q + 2*m + 78 = 0, 142 = 3*q - 0*m + 2*m. What is the units digit of q?
4
Let d = -9 + 83. What is the tens digit of d?
7
Suppose 81 = -87*r + 90*r. What is the units digit of r?
7
Let p = -65 - -154. What is the units digit of p?
9
Let q = -13 - -85. What is the tens digit of q?
7
Suppose 0 = 5*j - 176 - 64. What is the units digit of j?
8
Let h = -22 - -25. Let f(g) = g**2 + 3*g - 1. Let p be f(-6). Suppose -1 = 3*n + 4*d, 2*n + 2*d = -h*n + p. What is the units digit of n?
5
Suppose 5*x - 7 = 23. What is the units digit of x?
6
Let w(x) = x**2 - 5*x. Let d be w(5). Let b = -1 - -2. Let i = b + d. What is the units digit of i?
1
What is the units digit of (6/(-4))/(16/(-1472))?
8
What is the tens digit of 6/18 + (-116)/(-3)?
3
Let r be (-44)/(-36) - (-2)/(-9). What is the units digit of -1 - r - 15/(-3)?
3
Suppose 0 = 19*f - 13*f - 456. What is the tens digit of f?
7
Suppose -m - 8*m + 720 = 0. What is the tens digit of m?
8
What is the units digit of 3 - (210/(-4) - 16/32)?
6
Let x = 9 - 9. What is the tens digit of 11 + (x - (1 - 2))?
1
Let w(q) = 2 + q - 4 - 2 + 2. What is the units digit of w(7)?
5
Suppose -k = -4*k - 21. What is the tens digit of k + 4 - -36 - 1?
3
Let j(h) = 21*h - 28. What is the hundreds digit of j(8)?
1
Let m(l) = -25*l**3 - l - 1. What is the units digit of m(-1)?
5
Suppose 3*x - x - 4*b - 306 = 0, -2*x + 338 = 4*b. What is the hundreds digit of x?
1
Let u = -102 + 170. What is the units digit of u?
8
Let c(j) = 5*j**2 + 1. What is the units digit of c(1)?
6
Let c = 7 + -5. Suppose u + c = 15. What is the units digit of u?
3
Suppose g = -21 + 119. What is the units digit of g?
8
What is the units digit of (1/(-1))/(2*2/(-84))?
1
Let v be -2 + (74 - (4 - 2)). Let h be v/15 - 4/6. What is the units digit of (-48)/h*(-1)/3?
4
Let x = 94 + -87. What is the units digit of x?
7
Let g be (3/9*0)/1. Let m(w) = -10*w - w**2 + 3*w - 5 + g. What is the units digit of m(-6)?
1
Let l be ((-12)/9)/((-2)/6). What is the tens digit of ((-13)/l)/(2/(-8))?
1
Let j be (-26)/(-4) + (-5)/10. Let x = j + -3. What is the units digit of x?
3
Let t = 4 + -1. Suppose 0*q = t*q - 12. Let i(o) = 3*o - 4. What is the units digit of i(q)?
8
Let b(y) = y**3 - 4*y**2 + 5*y - 7. What is the tens digit of b(4)?
1
What is the units digit of 2 + (-4 - -100) + 2?
0
What is the hundreds digit of 4666/14 + 